CRAN Package Check Results for Package splitstackshape

Last updated on 2020-12-01 04:47:48 CET.

Flavor Version Tinstall Tcheck Ttotal Status Flags
r-devel-linux-x86_64-debian-clang 1.4.8 3.77 39.99 43.76 OK
r-devel-linux-x86_64-debian-gcc 1.4.8 2.47 32.77 35.24 OK
r-devel-linux-x86_64-fedora-clang 1.4.8 55.04 NOTE
r-devel-linux-x86_64-fedora-gcc 1.4.8 47.64 OK
r-devel-windows-ix86+x86_64 1.4.8 6.00 39.00 45.00 OK
r-patched-linux-x86_64 1.4.8 3.71 36.56 40.27 OK
r-patched-solaris-x86 1.4.8 70.00 OK
r-release-linux-x86_64 1.4.8 3.82 39.97 43.79 OK
r-release-macos-x86_64 1.4.8 OK
r-release-windows-ix86+x86_64 1.4.8 7.00 42.00 49.00 OK
r-oldrel-macos-x86_64 1.4.8 OK
r-oldrel-windows-ix86+x86_64 1.4.8 5.00 52.00 57.00 OK

Check Details

Version: 1.4.8
Check: Rd cross-references
Result: NOTE
    Undeclared packages ‘reshape2’, ‘sampling’, ‘dplyr’ in Rd xrefs
Flavor: r-devel-linux-x86_64-fedora-clang