CRAN Package Check Results for Package spinifex

Last updated on 2022-06-25 03:51:10 CEST.

Flavor Version Tinstall Tcheck Ttotal Status Flags
r-devel-linux-x86_64-debian-clang 0.3.6 9.79 302.88 312.67 NOTE
r-devel-linux-x86_64-debian-gcc 0.3.6 7.14 221.33 228.47 NOTE
r-devel-linux-x86_64-fedora-clang 0.3.6 357.27 NOTE
r-devel-linux-x86_64-fedora-gcc 0.3.6 355.41 NOTE
r-devel-windows-x86_64 0.3.6 64.00 369.00 433.00 NOTE
r-patched-linux-x86_64 0.3.6 9.10 278.49 287.59 OK
r-release-linux-x86_64 0.3.6 8.41 273.40 281.81 OK
r-release-macos-arm64 0.3.6 165.00 OK
r-release-macos-x86_64 0.3.6 212.00 OK
r-release-windows-x86_64 0.3.6 64.00 365.00 429.00 OK
r-oldrel-macos-arm64 0.3.6 136.00 OK
r-oldrel-macos-x86_64 0.3.6 143.00 OK
r-oldrel-windows-ix86+x86_64 0.3.6 21.00 352.00 373.00 OK

Check Details

Version: 0.3.6
Check: Rd files
Result: NOTE
    checkRd: (-1) PimaIndiansDiabetes_long.Rd:14: Escaped LaTeX specials: \^
    checkRd: (-1) PimaIndiansDiabetes_wide.Rd:16: Escaped LaTeX specials: \^
Flavors: r-devel-linux-x86_64-debian-clang, r-devel-linux-x86_64-debian-gcc, r-devel-linux-x86_64-fedora-clang, r-devel-linux-x86_64-fedora-gcc, r-devel-windows-x86_64