CRAN Package Check Results for Package spiR

Last updated on 2022-10-04 03:56:54 CEST.

Flavor Version Tinstall Tcheck Ttotal Status Flags
r-devel-linux-x86_64-debian-clang 0.2.1 10.82 81.69 92.51 NOTE
r-devel-linux-x86_64-debian-gcc 0.2.1 7.30 60.64 67.94 NOTE
r-devel-linux-x86_64-fedora-clang 0.2.1 121.62 NOTE
r-devel-linux-x86_64-fedora-gcc 0.2.1 114.23 NOTE
r-devel-windows-x86_64 0.2.1 21.00 105.00 126.00 NOTE
r-patched-linux-x86_64 0.2.1 9.44 75.12 84.56 NOTE
r-release-linux-x86_64 0.2.1 8.23 76.55 84.78 NOTE
r-release-macos-arm64 0.2.1 43.00 NOTE
r-release-macos-x86_64 0.2.1 63.00 NOTE
r-release-windows-x86_64 0.2.1 23.00 105.00 128.00 NOTE
r-oldrel-macos-arm64 0.2.1 43.00 NOTE
r-oldrel-macos-x86_64 0.2.1 69.00 NOTE
r-oldrel-windows-ix86+x86_64 0.2.1 25.00 109.00 134.00 NOTE

Check Details

Version: 0.2.1
Check: LazyData
Result: NOTE
     'LazyData' is specified without a 'data' directory
Flavors: r-devel-linux-x86_64-debian-clang, r-devel-linux-x86_64-debian-gcc, r-devel-linux-x86_64-fedora-clang, r-devel-linux-x86_64-fedora-gcc, r-devel-windows-x86_64, r-patched-linux-x86_64, r-release-linux-x86_64, r-release-macos-arm64, r-release-macos-x86_64, r-release-windows-x86_64, r-oldrel-macos-arm64, r-oldrel-macos-x86_64, r-oldrel-windows-ix86+x86_64

Version: 0.2.1
Check: dependencies in R code
Result: NOTE
    Namespace in Imports field not imported from: ‘readr’
     All declared Imports should be used.
Flavors: r-devel-linux-x86_64-fedora-clang, r-devel-linux-x86_64-fedora-gcc, r-release-macos-arm64, r-release-macos-x86_64, r-oldrel-macos-arm64, r-oldrel-macos-x86_64