Last updated on 2023-04-01 15:52:07 CEST.
Flavor | Version | Tinstall | Tcheck | Ttotal | Status | Flags |
---|---|---|---|---|---|---|
r-devel-linux-x86_64-debian-clang | 1.0.1 | 197.84 | 166.28 | 364.12 | NOTE | |
r-devel-linux-x86_64-debian-gcc | 1.0.1 | 163.70 | 121.03 | 284.73 | NOTE | |
r-devel-linux-x86_64-fedora-clang | 1.0.1 | 517.44 | NOTE | |||
r-devel-linux-x86_64-fedora-gcc | 1.0.1 | 518.09 | NOTE | |||
r-patched-linux-x86_64 | 1.0.1 | 175.05 | 160.53 | 335.58 | NOTE | |
r-release-linux-x86_64 | 1.0.1 | 168.98 | 156.24 | 325.22 | OK | |
r-release-macos-arm64 | 1.0.1 | 163.00 | NOTE | |||
r-release-macos-x86_64 | 1.0.1 | 188.00 | NOTE | |||
r-release-windows-x86_64 | 1.0.1 | 194.00 | 322.00 | 516.00 | OK | |
r-oldrel-macos-arm64 | 1.0.1 | 224.00 | NOTE | |||
r-oldrel-macos-x86_64 | 1.0.1 | 183.00 | NOTE | |||
r-oldrel-windows-ix86+x86_64 | 1.0.1 | 465.00 | 504.00 | 969.00 | OK |
Version: 1.0.1
Check: C++ specification
Result: NOTE
Specified C++11: please drop specification unless essential
Flavors: r-devel-linux-x86_64-debian-clang, r-devel-linux-x86_64-debian-gcc, r-devel-linux-x86_64-fedora-clang, r-devel-linux-x86_64-fedora-gcc, r-patched-linux-x86_64
Version: 1.0.1
Check: data for non-ASCII characters
Result: NOTE
Note: found 189 marked UTF-8 strings
Flavors: r-devel-linux-x86_64-fedora-clang, r-devel-linux-x86_64-fedora-gcc, r-release-macos-arm64, r-release-macos-x86_64, r-oldrel-macos-arm64, r-oldrel-macos-x86_64
Version: 1.0.1
Check: installed package size
Result: NOTE
installed size is 17.8Mb
sub-directories of 1Mb or more:
libs 16.9Mb
Flavors: r-release-macos-arm64, r-release-macos-x86_64, r-oldrel-macos-arm64, r-oldrel-macos-x86_64