CRAN Package Check Results for Package sperrorest

Last updated on 2020-09-29 03:48:34 CEST.

Flavor Version Tinstall Tcheck Ttotal Status Flags
r-devel-linux-x86_64-debian-clang 3.0.1 6.23 111.40 117.63 OK --no-vignettes
r-devel-linux-x86_64-debian-gcc 3.0.1 5.43 78.42 83.85 OK --no-vignettes
r-devel-linux-x86_64-fedora-clang 3.0.1 1217.43 OK
r-devel-linux-x86_64-fedora-gcc 3.0.1 1154.29 OK
r-devel-windows-ix86+x86_64 3.0.1 12.00 367.00 379.00 OK
r-patched-linux-x86_64 3.0.1 6.45 104.35 110.80 OK --no-vignettes
r-patched-solaris-x86 3.0.1 2256.40 WARN
r-release-linux-x86_64 3.0.1 6.10 109.11 115.21 OK --no-vignettes
r-release-macos-x86_64 3.0.1 OK
r-release-windows-ix86+x86_64 3.0.1 11.00 519.00 530.00 OK
r-oldrel-macos-x86_64 3.0.1 OK
r-oldrel-windows-ix86+x86_64 3.0.1 9.00 505.00 514.00 OK

Check Details

Version: 3.0.1
Check: re-building of vignette outputs
Result: WARN
    Error(s) in re-building vignettes:
     ...
    --- re-building ‘custom-pred-and-model-functions.Rmd’ using rmarkdown
    Warning in engine$weave(file, quiet = quiet, encoding = enc) :
     Pandoc (>= 1.12.3) and/or pandoc-citeproc not available. Falling back to R Markdown v1.
    --- finished re-building ‘custom-pred-and-model-functions.Rmd’
    
    Cpu Limit Exceeded - core dumped
    --- re-building ‘spatial-modeling-use-case.Rmd’ using rmarkdown
    Warning in engine$weave(file, quiet = quiet, encoding = enc) :
     Pandoc (>= 1.12.3) and/or pandoc-citeproc not available. Falling back to R Markdown v1.
    SUMMARY: processing the following file failed:
     ‘spatial-modeling-use-case.Rmd’
    
    Error: Vignette re-building failed.
    Execution halted
Flavor: r-patched-solaris-x86