CRAN Package Check Results for Package speedglm

Last updated on 2022-07-02 15:52:30 CEST.

Flavor Version Tinstall Tcheck Ttotal Status Flags
r-devel-linux-x86_64-debian-clang 0.3-4 10.39 81.66 92.05 OK
r-devel-linux-x86_64-debian-gcc 0.3-4 7.93 63.18 71.11 OK
r-devel-linux-x86_64-fedora-clang 0.3-4 120.76 NOTE
r-devel-linux-x86_64-fedora-gcc 0.3-4 121.27 OK
r-devel-windows-x86_64 0.3-4 32.00 100.00 132.00 OK
r-patched-linux-x86_64 0.3-4 9.92 78.49 88.41 OK
r-release-linux-x86_64 0.3-4 10.67 80.20 90.87 OK
r-release-macos-arm64 0.3-4 33.00 OK
r-release-macos-x86_64 0.3-4 51.00 OK
r-release-windows-x86_64 0.3-4 29.00 106.00 135.00 OK
r-oldrel-macos-arm64 0.3-4 37.00 OK
r-oldrel-macos-x86_64 0.3-4 47.00 OK
r-oldrel-windows-ix86+x86_64 0.3-4 20.00 99.00 119.00 OK

Check Details

Version: 0.3-4
Check: Rd cross-references
Result: NOTE
    Undeclared package ‘biglm’ in Rd xrefs
Flavor: r-devel-linux-x86_64-fedora-clang