CRAN Package Check Results for Package speech

Last updated on 2020-09-24 15:48:43 CEST.

Flavor Version Tinstall Tcheck Ttotal Status Flags
r-devel-linux-x86_64-debian-clang 0.1.0 4.34 33.66 38.00 OK
r-devel-linux-x86_64-debian-gcc 0.1.0 3.20 26.88 30.08 OK
r-devel-linux-x86_64-fedora-clang 0.1.0 55.30 NOTE
r-devel-linux-x86_64-fedora-gcc 0.1.0 43.69 NOTE
r-devel-windows-ix86+x86_64 0.1.0 10.00 43.00 53.00 OK
r-patched-linux-x86_64 0.1.0 3.30 31.65 34.95 OK
r-patched-solaris-x86 0.1.0 68.20 NOTE
r-release-linux-x86_64 0.1.0 3.50 32.33 35.83 OK
r-release-macos-x86_64 0.1.0 NOTE
r-release-windows-ix86+x86_64 0.1.0 32.00 60.00 92.00 OK
r-oldrel-macos-x86_64 0.1.0 NOTE
r-oldrel-windows-ix86+x86_64 0.1.0 7.00 55.00 62.00 OK

Check Details

Version: 0.1.0
Check: dependencies in R code
Result: NOTE
    Namespace in Imports field not imported from: ‘pdftools’
     All declared Imports should be used.
Flavors: r-devel-linux-x86_64-fedora-clang, r-devel-linux-x86_64-fedora-gcc, r-patched-solaris-x86, r-release-macos-x86_64, r-oldrel-macos-x86_64