Last updated on 2023-02-06 03:54:46 CET.
Flavor | Version | Tinstall | Tcheck | Ttotal | Status | Flags |
---|---|---|---|---|---|---|
r-devel-linux-x86_64-debian-clang | 0.1.2 | 15.89 | 154.46 | 170.35 | OK | |
r-devel-linux-x86_64-debian-gcc | 0.1.2 | 12.73 | 112.64 | 125.37 | OK | |
r-devel-linux-x86_64-fedora-clang | 0.1.2 | 205.96 | OK | |||
r-devel-linux-x86_64-fedora-gcc | 0.1.2 | 194.62 | OK | |||
r-devel-windows-x86_64 | 0.1.2 | 35.00 | 211.00 | 246.00 | OK | |
r-patched-linux-x86_64 | 0.1.2 | 14.16 | 144.98 | 159.14 | OK | |
r-release-linux-x86_64 | 0.1.2 | 11.92 | 146.89 | 158.81 | OK | |
r-release-macos-arm64 | 0.1.2 | 64.00 | OK | |||
r-release-macos-x86_64 | 0.1.2 | 82.00 | OK | |||
r-release-windows-x86_64 | 0.1.2 | 42.00 | 215.00 | 257.00 | OK | |
r-oldrel-macos-arm64 | 0.1.2 | 62.00 | WARN | |||
r-oldrel-macos-x86_64 | 0.1.2 | 88.00 | WARN | |||
r-oldrel-windows-ix86+x86_64 | 0.1.2 | 57.00 | 214.00 | 271.00 | OK |
Version: 0.1.2
Check: for executable files
Result: WARN
Found the following executable files:
inst/extdata/SouthernBuh-habitats_shapefile.dbf
inst/extdata/test_shapefile.dbf
Source packages should not contain undeclared executable files.
See section ‘Package structure’ in the ‘Writing R Extensions’ manual.
Flavors: r-oldrel-macos-arm64, r-oldrel-macos-x86_64