Last updated on 2022-06-26 03:50:13 CEST.
Flavor | Version | Tinstall | Tcheck | Ttotal | Status | Flags |
---|---|---|---|---|---|---|
r-devel-linux-x86_64-debian-clang | 0.2.3 | 62.31 | 84.45 | 146.76 | OK | |
r-devel-linux-x86_64-debian-gcc | 0.2.3 | 50.31 | 64.55 | 114.86 | OK | |
r-devel-linux-x86_64-fedora-clang | 0.2.3 | 234.00 | NOTE | |||
r-devel-linux-x86_64-fedora-gcc | 0.2.3 | 199.09 | OK | |||
r-devel-windows-x86_64 | 0.2.3 | 121.00 | 135.00 | 256.00 | OK | |
r-patched-linux-x86_64 | 0.2.3 | 50.19 | 84.78 | 134.97 | OK | |
r-release-linux-x86_64 | 0.2.3 | 51.11 | 80.89 | 132.00 | OK | |
r-release-macos-arm64 | 0.2.3 | 52.00 | NOTE | |||
r-release-macos-x86_64 | 0.2.3 | 76.00 | NOTE | |||
r-release-windows-x86_64 | 0.2.3 | 242.00 | 145.00 | 387.00 | OK | |
r-oldrel-macos-arm64 | 0.2.3 | 47.00 | NOTE | |||
r-oldrel-macos-x86_64 | 0.2.3 | 71.00 | NOTE | |||
r-oldrel-windows-ix86+x86_64 | 0.2.3 | 150.00 | 171.00 | 321.00 | NOTE |
Version: 0.2.3
Check: installed package size
Result: NOTE
installed size is 6.2Mb
sub-directories of 1Mb or more:
doc 3.1Mb
libs 2.7Mb
Flavors: r-devel-linux-x86_64-fedora-clang, r-release-macos-arm64, r-release-macos-x86_64, r-oldrel-macos-arm64, r-oldrel-macos-x86_64, r-oldrel-windows-ix86+x86_64