CRAN Package Check Results for Package spectralAnalysis

Last updated on 2020-09-22 16:02:41 CEST.

Flavor Version Tinstall Tcheck Ttotal Status Flags
r-devel-linux-x86_64-debian-clang 3.12.0 16.49 121.00 137.49 OK
r-devel-linux-x86_64-debian-gcc 3.12.0 14.14 95.11 109.25 OK
r-devel-linux-x86_64-fedora-clang 3.12.0 186.01 WARN
r-devel-linux-x86_64-fedora-gcc 3.12.0 171.16 OK
r-devel-windows-ix86+x86_64 3.12.0 39.00 129.00 168.00 OK
r-patched-linux-x86_64 3.12.0 17.75 117.04 134.79 OK
r-patched-solaris-x86 3.12.0 248.30 OK
r-release-linux-x86_64 3.12.0 17.81 117.23 135.04 OK
r-release-macos-x86_64 3.12.0 OK
r-release-windows-ix86+x86_64 3.12.0 38.00 155.00 193.00 OK
r-oldrel-macos-x86_64 3.12.0 OK
r-oldrel-windows-ix86+x86_64 3.12.0 21.00 160.00 181.00 OK

Check Details

Version: 3.12.0
Check: package dependencies
Result: WARN
    Requires (indirectly) orphaned package: ‘bibtex’
Flavor: r-devel-linux-x86_64-fedora-clang