CRAN Package Check Results for Package spectralAnalysis

Last updated on 2021-09-19 03:51:33 CEST.

Flavor Version Tinstall Tcheck Ttotal Status Flags
r-devel-linux-x86_64-debian-clang 3.12.0 18.27 136.21 154.48 NOTE
r-devel-linux-x86_64-debian-gcc 3.12.0 14.94 100.13 115.07 NOTE
r-devel-linux-x86_64-fedora-clang 3.12.0 186.52 NOTE
r-devel-linux-x86_64-fedora-gcc 3.12.0 193.35 NOTE
r-devel-windows-x86_64 3.12.0 25.00 159.00 184.00 NOTE
r-devel-windows-x86_64-gcc10-UCRT 3.12.0 ERROR
r-patched-linux-x86_64 3.12.0 18.53 126.89 145.42 NOTE
r-patched-solaris-x86 3.12.0 249.80 NOTE
r-release-linux-x86_64 3.12.0 14.43 125.18 139.61 NOTE
r-release-macos-arm64 3.12.0 NOTE
r-release-macos-x86_64 3.12.0 NOTE
r-release-windows-ix86+x86_64 3.12.0 38.00 115.00 153.00 NOTE
r-oldrel-macos-x86_64 3.12.0 OK
r-oldrel-windows-ix86+x86_64 3.12.0 42.00 121.00 163.00 OK

Check Details

Version: 3.12.0
Check: LazyData
Result: NOTE
     'LazyData' is specified without a 'data' directory
Flavors: r-devel-linux-x86_64-debian-clang, r-devel-linux-x86_64-debian-gcc, r-devel-linux-x86_64-fedora-clang, r-devel-linux-x86_64-fedora-gcc, r-devel-windows-x86_64, r-devel-windows-x86_64-gcc10-UCRT, r-patched-linux-x86_64, r-patched-solaris-x86, r-release-linux-x86_64, r-release-macos-arm64, r-release-macos-x86_64, r-release-windows-ix86+x86_64

Version: 3.12.0
Check: whether package can be installed
Result: WARN
    Found the following significant warnings:
     WARNING: installation-time patches will not be applied, could not get the patches index
Flavor: r-devel-windows-x86_64-gcc10-UCRT

Version: 3.12.0
Check: PDF version of manual
Result: WARN
    LaTeX errors when creating PDF version.
    This typically indicates Rd problems.
Flavor: r-devel-windows-x86_64-gcc10-UCRT

Version: 3.12.0
Check: PDF version of manual without hyperrefs or index
Result: ERROR
    Re-running with no redirection of stdout/stderr.
Flavor: r-devel-windows-x86_64-gcc10-UCRT