Last updated on 2022-08-13 04:58:00 CEST.
Flavor | Version | Tinstall | Tcheck | Ttotal | Status | Flags |
---|---|---|---|---|---|---|
r-devel-linux-x86_64-debian-clang | 0.0.1.7 | 52.06 | 33.39 | 85.45 | NOTE | |
r-devel-linux-x86_64-debian-gcc | 0.0.1.7 | 39.67 | 26.28 | 65.95 | NOTE | |
r-devel-linux-x86_64-fedora-clang | 0.0.1.7 | 144.05 | NOTE | |||
r-devel-linux-x86_64-fedora-gcc | 0.0.1.7 | 115.68 | NOTE | |||
r-devel-windows-x86_64 | 0.0.1.7 | 57.00 | 84.00 | 141.00 | NOTE | |
r-patched-linux-x86_64 | 0.0.1.7 | 41.02 | 33.56 | 74.58 | NOTE | |
r-release-linux-x86_64 | 0.0.1.7 | 38.14 | 33.86 | 72.00 | NOTE | |
r-release-macos-arm64 | 0.0.1.7 | 33.00 | NOTE | |||
r-release-macos-x86_64 | 0.0.1.7 | 45.00 | NOTE | |||
r-release-windows-x86_64 | 0.0.1.7 | 56.00 | 87.00 | 143.00 | NOTE | |
r-oldrel-macos-arm64 | 0.0.1.7 | 35.00 | NOTE | |||
r-oldrel-macos-x86_64 | 0.0.1.7 | 53.00 | NOTE | |||
r-oldrel-windows-ix86+x86_64 | 0.0.1.7 | 130.00 | 85.00 | 215.00 | NOTE |
Version: 0.0.1.7
Check: package subdirectories
Result: NOTE
Problems with news in 'NEWS.md':
Cannot extract version info from the following section titles:
Roadmap of specklestar package
Flavors: r-devel-linux-x86_64-debian-clang, r-devel-linux-x86_64-debian-gcc, r-devel-linux-x86_64-fedora-clang, r-devel-linux-x86_64-fedora-gcc, r-devel-windows-x86_64
Version: 0.0.1.7
Check: LazyData
Result: NOTE
'LazyData' is specified without a 'data' directory
Flavors: r-devel-linux-x86_64-debian-clang, r-devel-linux-x86_64-debian-gcc, r-devel-linux-x86_64-fedora-clang, r-devel-linux-x86_64-fedora-gcc, r-devel-windows-x86_64, r-patched-linux-x86_64, r-release-linux-x86_64, r-release-macos-arm64, r-release-macos-x86_64, r-release-windows-x86_64, r-oldrel-macos-arm64, r-oldrel-macos-x86_64, r-oldrel-windows-ix86+x86_64
Version: 0.0.1.7
Check: installed package size
Result: NOTE
installed size is 5.4Mb
sub-directories of 1Mb or more:
libs 3.8Mb
Flavor: r-oldrel-windows-ix86+x86_64