CRAN Package Check Results for Package spatstat.geom

Last updated on 2021-09-22 03:49:31 CEST.

Flavor Version Tinstall Tcheck Ttotal Status Flags
r-devel-linux-x86_64-debian-clang 2.2-2 60.20 353.48 413.68 OK
r-devel-linux-x86_64-debian-gcc 2.2-2 51.74 259.97 311.71 OK
r-devel-linux-x86_64-fedora-clang 2.2-2 501.64 OK
r-devel-linux-x86_64-fedora-gcc 2.2-2 492.00 OK
r-devel-windows-x86_64 2.2-2 69.00 345.00 414.00 OK
r-devel-windows-x86_64-gcc10-UCRT 2.2-2 ERROR
r-patched-linux-x86_64 2.2-2 66.68 337.61 404.29 OK
r-patched-solaris-x86 2.2-2 614.10 OK
r-release-linux-x86_64 2.2-2 52.82 334.95 387.77 OK
r-release-macos-arm64 2.2-2 NOTE
r-release-macos-x86_64 2.2-2 OK
r-release-windows-ix86+x86_64 2.2-2 136.00 481.00 617.00 OK
r-oldrel-macos-x86_64 2.2-2 OK
r-oldrel-windows-ix86+x86_64 2.2-2 129.00 502.00 631.00 OK

Check Details

Version: 2.2-2
Check: whether package can be installed
Result: ERROR
    Installation failed.
Flavor: r-devel-windows-x86_64-gcc10-UCRT

Version: 2.2-2
Check: installed package size
Result: NOTE
     installed size is 5.8Mb
     sub-directories of 1Mb or more:
     R 2.1Mb
     help 2.6Mb
Flavor: r-release-macos-arm64