Last updated on 2022-06-28 03:51:44 CEST.
Flavor | Version | Tinstall | Tcheck | Ttotal | Status | Flags |
---|---|---|---|---|---|---|
r-devel-linux-x86_64-debian-clang | 2.2-0 | 11.60 | 86.36 | 97.96 | NOTE | |
r-devel-linux-x86_64-debian-gcc | 2.2-0 | 8.68 | 65.82 | 74.50 | NOTE | |
r-devel-linux-x86_64-fedora-clang | 2.2-0 | 122.71 | NOTE | |||
r-devel-linux-x86_64-fedora-gcc | 2.2-0 | 122.68 | NOTE | |||
r-devel-windows-x86_64 | 2.2-0 | 133.00 | 119.00 | 252.00 | NOTE | |
r-patched-linux-x86_64 | 2.2-0 | 11.17 | 79.08 | 90.25 | OK | |
r-release-linux-x86_64 | 2.2-0 | 10.69 | 80.81 | 91.50 | OK | |
r-release-macos-arm64 | 2.2-0 | 34.00 | OK | |||
r-release-macos-x86_64 | 2.2-0 | 54.00 | OK | |||
r-release-windows-x86_64 | 2.2-0 | 149.00 | 116.00 | 265.00 | OK | |
r-oldrel-macos-arm64 | 2.2-0 | 31.00 | OK | |||
r-oldrel-macos-x86_64 | 2.2-0 | 59.00 | OK | |||
r-oldrel-windows-ix86+x86_64 | 2.2-0 | 21.00 | 120.00 | 141.00 | OK |
Version: 2.2-0
Check: Rd files
Result: NOTE
checkRd: (-1) ants.Rd:12: Escaped LaTeX specials: \&
checkRd: (-1) ants.Rd:26: Escaped LaTeX specials: \&
checkRd: (-1) ants.Rd:36: Escaped LaTeX specials: \& \&
checkRd: (-1) ants.Rd:38: Escaped LaTeX specials: \&
checkRd: (-1) ants.Rd:40: Escaped LaTeX specials: \&
checkRd: (-1) ants.Rd:55: Escaped LaTeX specials: \&
checkRd: (-1) ants.Rd:124: Escaped LaTeX specials: \&
Flavors: r-devel-linux-x86_64-debian-clang, r-devel-linux-x86_64-debian-gcc, r-devel-linux-x86_64-fedora-clang, r-devel-linux-x86_64-fedora-gcc, r-devel-windows-x86_64