Last updated on 2023-02-01 03:54:29 CET.
Flavor | Version | Tinstall | Tcheck | Ttotal | Status | Flags |
---|---|---|---|---|---|---|
r-devel-linux-x86_64-debian-clang | 0.1.16 | 4.33 | 133.67 | 138.00 | NOTE | |
r-devel-linux-x86_64-debian-gcc | 0.1.16 | 3.43 | 86.36 | 89.79 | NOTE | |
r-devel-linux-x86_64-fedora-clang | 0.1.16 | 145.49 | NOTE | |||
r-devel-linux-x86_64-fedora-gcc | 0.1.16 | 151.21 | NOTE | |||
r-devel-windows-x86_64 | 0.1.16 | 13.00 | 135.00 | 148.00 | NOTE | |
r-patched-linux-x86_64 | 0.1.16 | 3.91 | 105.99 | 109.90 | NOTE | |
r-release-linux-x86_64 | 0.1.16 | 3.02 | 105.59 | 108.61 | NOTE | |
r-release-macos-arm64 | 0.1.16 | 38.00 | NOTE | |||
r-release-macos-x86_64 | 0.1.16 | 54.00 | NOTE | |||
r-release-windows-x86_64 | 0.1.16 | 22.00 | 143.00 | 165.00 | NOTE | |
r-oldrel-macos-arm64 | 0.1.16 | 53.00 | NOTE | |||
r-oldrel-macos-x86_64 | 0.1.16 | 86.00 | NOTE | |||
r-oldrel-windows-ix86+x86_64 | 0.1.16 | 10.00 | 137.00 | 147.00 | NOTE |
Version: 0.1.16
Check: LazyData
Result: NOTE
'LazyData' is specified without a 'data' directory
Flavors: r-devel-linux-x86_64-debian-clang, r-devel-linux-x86_64-debian-gcc, r-devel-linux-x86_64-fedora-clang, r-devel-linux-x86_64-fedora-gcc, r-devel-windows-x86_64, r-patched-linux-x86_64, r-release-linux-x86_64, r-release-macos-arm64, r-release-macos-x86_64, r-release-windows-x86_64, r-oldrel-macos-arm64, r-oldrel-macos-x86_64, r-oldrel-windows-ix86+x86_64