CRAN Package Check Results for Package spatialRF

Last updated on 2022-08-07 15:56:02 CEST.

Flavor Version Tinstall Tcheck Ttotal Status Flags
r-devel-linux-x86_64-debian-clang 1.1.3 11.15 92.49 103.64 NOTE
r-devel-linux-x86_64-debian-gcc 1.1.3 8.88 68.96 77.84 NOTE
r-devel-linux-x86_64-fedora-clang 1.1.3 134.23 OK
r-devel-linux-x86_64-fedora-gcc 1.1.3 128.74 OK
r-devel-windows-x86_64 1.1.3 40.00 118.00 158.00 OK
r-patched-linux-x86_64 1.1.3 11.30 85.94 97.24 OK
r-release-linux-x86_64 1.1.3 7.66 88.57 96.23 OK
r-release-macos-arm64 1.1.3 35.00 OK
r-release-macos-x86_64 1.1.3 69.00 OK
r-release-windows-x86_64 1.1.3 59.00 114.00 173.00 OK
r-oldrel-macos-arm64 1.1.3 34.00 OK
r-oldrel-macos-x86_64 1.1.3 49.00 OK
r-oldrel-windows-ix86+x86_64 1.1.3 25.00 108.00 133.00 OK

Check Details

Version: 1.1.3
Check: HTML version of manual
Result: NOTE
    Found the following HTML validation problems:
    plant_richness_df.html:93:76: Warning: <a> illegal characters found in URI
Flavors: r-devel-linux-x86_64-debian-clang, r-devel-linux-x86_64-debian-gcc