CRAN Package Check Results for Package spatialEco

Last updated on 2020-11-27 03:50:22 CET.

Flavor Version Tinstall Tcheck Ttotal Status Flags
r-devel-linux-x86_64-debian-clang 1.3-2 22.81 216.00 238.81 OK
r-devel-linux-x86_64-debian-gcc 1.3-2 14.45 165.65 180.10 OK
r-devel-linux-x86_64-fedora-clang 1.3-2 151.82 OK
r-devel-linux-x86_64-fedora-gcc 1.3-2 156.08 OK
r-devel-windows-ix86+x86_64 1.3-2 38.00 203.00 241.00 OK
r-patched-linux-x86_64 1.3-2 18.43 203.63 222.06 OK
r-patched-solaris-x86 1.3-2 317.00 OK
r-release-linux-x86_64 1.3-2 16.94 204.94 221.88 OK
r-release-macos-x86_64 1.3-2 ERROR
r-release-windows-ix86+x86_64 1.3-2 37.00 292.00 329.00 OK
r-oldrel-macos-x86_64 1.3-2 OK
r-oldrel-windows-ix86+x86_64 1.3-2 30.00 226.00 256.00 OK

Additional issues

donttest

Check Details

Version: 1.3-2
Check: examples
Result: ERROR
    Running examples in ‘spatialEco-Ex.R’ failed
    The error most likely occurred in:
    
    > ### Name: sar
    > ### Title: Surface Area Ratio
    > ### Aliases: sar
    >
    > ### ** Examples
    >
    > library(raster)
    Loading required package: sp
    
    Attaching package: ‘raster’
    
    The following object is masked from ‘package:spatialEco’:
    
     shift
    
    > data(elev)
    > surface.ratio <- sar(elev, s=90)
    
     *** caught segfault ***
    address 0x110554ff8, cause 'memory not mapped'
    
    Traceback:
     1: .terrain(as.double(values(x)), as.integer(dim(out)), rs, un, nopt, lonlat, y)
     2: .local(x, ...)
     3: raster::terrain(x, out = "slope", unit = "degrees", flatAspect = 0)
     4: raster::terrain(x, out = "slope", unit = "degrees", flatAspect = 0)
     5: sar(elev, s = 90)
    An irrecoverable exception occurred. R is aborting now ...
Flavor: r-release-macos-x86_64