Last updated on 2023-03-26 03:50:25 CEST.
Flavor | Version | Tinstall | Tcheck | Ttotal | Status | Flags |
---|---|---|---|---|---|---|
r-devel-linux-x86_64-debian-clang | 0.1.2 | 3.49 | 136.20 | 139.69 | NOTE | |
r-devel-linux-x86_64-debian-gcc | 0.1.2 | 2.23 | 100.83 | 103.06 | NOTE | |
r-devel-linux-x86_64-fedora-clang | 0.1.2 | 167.93 | NOTE | |||
r-devel-linux-x86_64-fedora-gcc | 0.1.2 | 182.37 | NOTE | |||
r-patched-linux-x86_64 | 0.1.2 | 3.59 | 130.53 | 134.12 | NOTE | |
r-release-linux-x86_64 | 0.1.2 | 3.09 | 129.90 | 132.99 | NOTE | |
r-release-macos-arm64 | 0.1.2 | 73.00 | NOTE | |||
r-release-macos-x86_64 | 0.1.2 | 54.00 | ERROR | |||
r-release-windows-x86_64 | 0.1.2 | 18.00 | 165.00 | 183.00 | NOTE | |
r-oldrel-macos-arm64 | 0.1.2 | 75.00 | NOTE | |||
r-oldrel-macos-x86_64 | 0.1.2 | 139.00 | NOTE | |||
r-oldrel-windows-ix86+x86_64 | 0.1.2 | 8.00 | 174.00 | 182.00 | NOTE |
Version: 0.1.2
Check: LazyData
Result: NOTE
'LazyData' is specified without a 'data' directory
Flavors: r-devel-linux-x86_64-debian-clang, r-devel-linux-x86_64-debian-gcc, r-devel-linux-x86_64-fedora-clang, r-devel-linux-x86_64-fedora-gcc, r-patched-linux-x86_64, r-release-linux-x86_64, r-release-macos-arm64, r-release-macos-x86_64, r-release-windows-x86_64, r-oldrel-macos-arm64, r-oldrel-macos-x86_64, r-oldrel-windows-ix86+x86_64
Version: 0.1.2
Check: dependencies in R code
Result: NOTE
Namespaces in Imports field not imported from:
‘irlba’ ‘knitr’ ‘rmarkdown’
All declared Imports should be used.
Flavors: r-devel-linux-x86_64-fedora-clang, r-devel-linux-x86_64-fedora-gcc, r-release-macos-arm64, r-release-macos-x86_64, r-oldrel-macos-arm64, r-oldrel-macos-x86_64
Version: 0.1.2
Check: re-building of vignette outputs
Result: ERROR
Error(s) in re-building vignettes:
...
--- re-building ‘vignette.rmd’ using rmarkdown
Execution halted
* checking PDF version of manual ...* using check arguments '--no-clean-on-error '
Flavor: r-release-macos-x86_64