Last updated on 2023-01-29 03:55:27 CET.
Flavor | Version | Tinstall | Tcheck | Ttotal | Status | Flags |
---|---|---|---|---|---|---|
r-devel-linux-x86_64-debian-clang | 0.0.8 | 5.02 | 61.09 | 66.11 | NOTE | |
r-devel-linux-x86_64-debian-gcc | 0.0.8 | 3.30 | 45.83 | 49.13 | NOTE | |
r-devel-linux-x86_64-fedora-clang | 0.0.8 | 87.82 | NOTE | |||
r-devel-linux-x86_64-fedora-gcc | 0.0.8 | 86.64 | NOTE | |||
r-patched-linux-x86_64 | 0.0.8 | 4.62 | 58.66 | 63.28 | NOTE | |
r-release-linux-x86_64 | 0.0.8 | 4.90 | 58.24 | 63.14 | NOTE | |
r-release-macos-arm64 | 0.0.8 | 24.00 | OK | |||
r-release-macos-x86_64 | 0.0.8 | 40.00 | NOTE | |||
r-release-windows-x86_64 | 0.0.8 | 104.00 | 83.00 | 187.00 | OK | |
r-oldrel-macos-arm64 | 0.0.8 | 35.00 | NOTE | |||
r-oldrel-macos-x86_64 | 0.0.8 | 47.00 | OK | |||
r-oldrel-windows-ix86+x86_64 | 0.0.8 | 8.00 | 84.00 | 92.00 | OK |
Version: 0.0.8
Check: Rd cross-references
Result: NOTE
Unknown package ‘sparsebn’ in Rd xrefs
Flavors: r-devel-linux-x86_64-debian-clang, r-devel-linux-x86_64-debian-gcc, r-devel-linux-x86_64-fedora-gcc, r-patched-linux-x86_64, r-release-linux-x86_64, r-release-macos-x86_64
Version: 0.0.8
Check: Rd cross-references
Result: NOTE
Undeclared package ‘sparsebn’ in Rd xrefs
Unknown package ‘sparsebn’ in Rd xrefs
Flavor: r-devel-linux-x86_64-fedora-clang
Version: 0.0.8
Check: package dependencies
Result: NOTE
Package suggested but not available for checking: ‘RCy3’
Flavor: r-oldrel-macos-arm64
Version: 0.0.8
Check: Rd cross-references
Result: NOTE
Package unavailable to check Rd xrefs: ‘RCy3’
Flavor: r-oldrel-macos-arm64