CRAN Package Check Results for Package sparseFLMM

Last updated on 2022-09-24 15:55:31 CEST.

Flavor Version Tinstall Tcheck Ttotal Status Flags
r-devel-linux-x86_64-debian-clang 0.4.1 19.67 149.21 168.88 NOTE
r-devel-linux-x86_64-debian-gcc 0.4.1 14.19 109.18 123.37 NOTE
r-devel-linux-x86_64-fedora-clang 0.4.1 211.84 NOTE
r-devel-linux-x86_64-fedora-gcc 0.4.1 202.26 NOTE
r-devel-windows-x86_64 0.4.1 33.00 158.00 191.00 NOTE
r-patched-linux-x86_64 0.4.1 19.84 141.90 161.74 OK
r-release-linux-x86_64 0.4.1 17.15 137.53 154.68 OK
r-release-macos-arm64 0.4.1 55.00 OK
r-release-macos-x86_64 0.4.1 94.00 OK
r-release-windows-x86_64 0.4.1 28.00 153.00 181.00 OK
r-oldrel-macos-arm64 0.4.1 60.00 OK
r-oldrel-macos-x86_64 0.4.1 68.00 OK
r-oldrel-windows-ix86+x86_64 0.4.1 38.00 156.00 194.00 OK

Check Details

Version: 0.4.1
Check: package subdirectories
Result: NOTE
    Problems with news in 'NEWS.md':
    No news entries found.
Flavors: r-devel-linux-x86_64-debian-clang, r-devel-linux-x86_64-debian-gcc, r-devel-linux-x86_64-fedora-clang, r-devel-linux-x86_64-fedora-gcc, r-devel-windows-x86_64