CRAN Package Check Results for Package sparklyr

Last updated on 2022-12-08 15:53:40 CET.

Flavor Version Tinstall Tcheck Ttotal Status Flags
r-devel-linux-x86_64-debian-clang 1.7.8 36.39 214.92 251.31 OK
r-devel-linux-x86_64-debian-gcc 1.7.8 31.15 201.48 232.63 OK
r-devel-linux-x86_64-fedora-clang 1.7.8 302.11 NOTE
r-devel-linux-x86_64-fedora-gcc 1.7.8 323.04 OK
r-devel-windows-x86_64 1.7.8 389.00 439.00 828.00 NOTE
r-patched-linux-x86_64 1.7.8 36.09 182.83 218.92 OK
r-release-linux-x86_64 1.7.8 34.05 179.43 213.48 OK
r-release-macos-arm64 1.7.8 73.00 NOTE
r-release-macos-x86_64 1.7.8 95.00 NOTE
r-release-windows-x86_64 1.7.8 413.00 224.00 637.00 NOTE
r-oldrel-macos-arm64 1.7.8 65.00 NOTE
r-oldrel-macos-x86_64 1.7.8 101.00 NOTE
r-oldrel-windows-ix86+x86_64 1.7.8 64.00 211.00 275.00 NOTE

Check Details

Version: 1.7.8
Check: package dependencies
Result: NOTE
    Imports includes 28 non-default packages.
    Importing from so many packages makes the package vulnerable to any of
    them becoming unavailable. Move as many as possible to Suggests and
    use conditionally.
Flavor: r-devel-linux-x86_64-fedora-clang

Version: 1.7.8
Check: installed package size
Result: NOTE
     installed size is 6.3Mb
     sub-directories of 1Mb or more:
     R 1.5Mb
     java 3.4Mb
Flavors: r-devel-linux-x86_64-fedora-clang, r-devel-windows-x86_64, r-release-macos-arm64, r-release-macos-x86_64, r-release-windows-x86_64, r-oldrel-macos-arm64, r-oldrel-macos-x86_64, r-oldrel-windows-ix86+x86_64