CRAN Package Check Results for Package sparcl

Last updated on 2022-07-04 15:54:53 CEST.

Flavor Version Tinstall Tcheck Ttotal Status Flags
r-devel-linux-x86_64-debian-clang 1.0.4 3.00 34.53 37.53 OK
r-devel-linux-x86_64-debian-gcc 1.0.4 2.73 25.62 28.35 OK
r-devel-linux-x86_64-fedora-clang 1.0.4 56.14 NOTE
r-devel-linux-x86_64-fedora-gcc 1.0.4 55.52 NOTE
r-devel-windows-x86_64 1.0.4 21.00 56.00 77.00 OK
r-patched-linux-x86_64 1.0.4 3.78 32.13 35.91 OK
r-release-linux-x86_64 1.0.4 2.74 32.17 34.91 OK
r-release-macos-arm64 1.0.4 20.00 OK
r-release-macos-x86_64 1.0.4 26.00 OK
r-release-windows-x86_64 1.0.4 11.00 54.00 65.00 OK
r-oldrel-macos-arm64 1.0.4 26.00 OK
r-oldrel-macos-x86_64 1.0.4 37.00 OK
r-oldrel-windows-ix86+x86_64 1.0.4 9.00 45.00 54.00 OK

Check Details

Version: 1.0.4
Check: compiled code
Result: NOTE
    File ‘sparcl/libs/sparcl.so’:
     Found no calls to: ‘R_registerRoutines’, ‘R_useDynamicSymbols’
    
    It is good practice to register native routines and to disable symbol
    search.
    
    See ‘Writing portable packages’ in the ‘Writing R Extensions’ manual.
Flavors: r-devel-linux-x86_64-fedora-clang, r-devel-linux-x86_64-fedora-gcc