CRAN Package Check Results for Package spant

Last updated on 2020-09-27 03:46:44 CEST.

Flavor Version Tinstall Tcheck Ttotal Status Flags
r-devel-linux-x86_64-debian-clang 1.7.0 17.81 211.01 228.82 OK
r-devel-linux-x86_64-debian-gcc 1.7.0 14.30 162.93 177.23 OK
r-devel-linux-x86_64-fedora-clang 1.7.0 284.78 NOTE
r-devel-linux-x86_64-fedora-gcc 1.7.0 282.91 NOTE
r-devel-windows-ix86+x86_64 1.7.0 36.00 319.00 355.00 OK
r-patched-linux-x86_64 1.7.0 15.83 203.18 219.01 OK
r-patched-solaris-x86 1.7.0 490.00 NOTE
r-release-linux-x86_64 1.7.0 16.66 206.12 222.78 OK
r-release-macos-x86_64 1.7.0 NOTE
r-release-windows-ix86+x86_64 1.7.0 49.00 333.00 382.00 OK
r-oldrel-macos-x86_64 1.7.0 NOTE
r-oldrel-windows-ix86+x86_64 1.7.0 32.00 297.00 329.00 OK

Check Details

Version: 1.7.0
Check: package dependencies
Result: NOTE
    Imports includes 28 non-default packages.
    Importing from so many packages makes the package vulnerable to any of
    them becoming unavailable. Move as many as possible to Suggests and
    use conditionally.
Flavor: r-devel-linux-x86_64-fedora-clang

Version: 1.7.0
Check: dependencies in R code
Result: NOTE
    Namespace in Imports field not imported from: ‘foreach’
     All declared Imports should be used.
Flavors: r-devel-linux-x86_64-fedora-clang, r-devel-linux-x86_64-fedora-gcc, r-patched-solaris-x86, r-release-macos-x86_64, r-oldrel-macos-x86_64