CRAN Package Check Results for Package spamtree

Last updated on 2021-12-06 15:52:22 CET.

Flavor Version Tinstall Tcheck Ttotal Status Flags
r-devel-linux-x86_64-debian-clang 0.2.1 156.63 169.03 325.66 OK
r-devel-linux-x86_64-debian-gcc 0.2.1 120.27 131.82 252.09 OK
r-devel-linux-x86_64-fedora-clang 0.2.1 439.60 NOTE
r-devel-linux-x86_64-fedora-gcc 0.2.1 392.69 OK
r-devel-windows-x86_64-new-UL 0.2.1 186.00 195.00 381.00 OK
r-devel-windows-x86_64-new-TK 0.2.1 OK
r-devel-windows-x86_64-old 0.2.1 188.00 108.00 296.00 OK
r-patched-linux-x86_64 0.2.1 135.90 148.60 284.50 OK
r-release-linux-x86_64 0.2.1 137.79 152.11 289.90 OK
r-release-macos-arm64 0.2.1 NOTE
r-release-macos-x86_64 0.2.1 NOTE
r-release-windows-ix86+x86_64 0.2.1 373.00 162.00 535.00 OK
r-oldrel-macos-x86_64 0.2.1 NOTE
r-oldrel-windows-ix86+x86_64 0.2.1 374.00 157.00 531.00 OK

Check Details

Version: 0.2.1
Check: installed package size
Result: NOTE
     installed size is 8.8Mb
     sub-directories of 1Mb or more:
     libs 8.5Mb
Flavors: r-devel-linux-x86_64-fedora-clang, r-release-macos-arm64, r-release-macos-x86_64, r-oldrel-macos-x86_64