CRAN Package Check Results for Package spacetime

Last updated on 2024-06-13 03:49:36 CEST.

Flavor Version Tinstall Tcheck Ttotal Status Flags
r-devel-linux-x86_64-debian-clang 1.3-1 18.04 199.23 217.27 OK
r-devel-linux-x86_64-debian-gcc 1.3-1 12.24 142.64 154.88 NOTE
r-devel-linux-x86_64-fedora-clang 1.3-1 262.02 OK
r-devel-linux-x86_64-fedora-gcc 1.3-1 273.31 OK
r-devel-windows-x86_64 1.3-1 14.00 217.00 231.00 OK
r-patched-linux-x86_64 1.3-1 21.44 187.38 208.82 OK
r-release-linux-x86_64 1.3-1 15.11 187.87 202.98 OK
r-release-macos-arm64 1.3-1 94.00 OK
r-release-macos-x86_64 1.3-1 171.00 OK
r-release-windows-x86_64 1.3-1 13.00 227.00 240.00 OK
r-oldrel-macos-arm64 1.3-1 111.00 OK
r-oldrel-macos-x86_64 1.3-1 257.00 OK
r-oldrel-windows-x86_64 1.3-1 13.00 228.00 241.00 OK

Check Details

Version: 1.3-1
Check: package dependencies
Result: NOTE Package suggested but not available for checking: ‘cshapes’ Flavor: r-devel-linux-x86_64-debian-gcc