CRAN Package Check Results for Package spNNGP

Last updated on 2020-09-22 03:49:42 CEST.

Flavor Version Tinstall Tcheck Ttotal Status Flags
r-devel-linux-x86_64-debian-clang 0.1.4 18.80 40.43 59.23 OK
r-devel-linux-x86_64-debian-gcc 0.1.4 0.48 1.91 2.39 ERROR
r-devel-linux-x86_64-fedora-clang 0.1.4 85.88 OK
r-devel-linux-x86_64-fedora-gcc 0.1.4 68.73 OK
r-devel-windows-ix86+x86_64 0.1.4 43.00 77.00 120.00 NOTE
r-patched-linux-x86_64 0.1.4 12.74 38.95 51.69 OK
r-patched-solaris-x86 0.1.4 106.50 OK
r-release-linux-x86_64 0.1.4 12.27 39.91 52.18 OK
r-release-macos-x86_64 0.1.4 OK
r-release-windows-ix86+x86_64 0.1.4 37.00 69.00 106.00 NOTE
r-oldrel-macos-x86_64 0.1.4 OK
r-oldrel-windows-ix86+x86_64 0.1.4 31.00 83.00 114.00 OK

Check Details

Version: 0.1.4
Check: whether package can be installed
Result: ERROR
    Installation failed.
Flavor: r-devel-linux-x86_64-debian-gcc

Version: 0.1.4
Check: installed package size
Result: NOTE
     installed size is 5.4Mb
     sub-directories of 1Mb or more:
     data 3.0Mb
     libs 2.1Mb
Flavors: r-devel-windows-ix86+x86_64, r-release-windows-ix86+x86_64