CRAN Package Check Results for Package spGARCH

Last updated on 2020-11-24 15:52:21 CET.

Flavor Version Tinstall Tcheck Ttotal Status Flags
r-devel-linux-x86_64-debian-clang 0.2.2 116.17 147.05 263.22 OK
r-devel-linux-x86_64-debian-gcc 0.2.2 123.61 111.25 234.86 OK
r-devel-linux-x86_64-fedora-clang 0.2.2 332.97 NOTE
r-devel-linux-x86_64-fedora-gcc 0.2.2 304.29 OK
r-devel-windows-ix86+x86_64 0.2.2 186.00 235.00 421.00 OK
r-patched-linux-x86_64 0.2.2 140.12 144.83 284.95 OK
r-patched-solaris-x86 0.2.2 339.20 OK
r-release-linux-x86_64 0.2.2 140.74 139.94 280.68 OK
r-release-macos-x86_64 0.2.2 NOTE
r-release-windows-ix86+x86_64 0.2.2 139.00 199.00 338.00 OK
r-oldrel-macos-x86_64 0.2.2 NOTE
r-oldrel-windows-ix86+x86_64 0.2.2 126.00 209.00 335.00 OK

Check Details

Version: 0.2.2
Check: installed package size
Result: NOTE
     installed size is 22.9Mb
     sub-directories of 1Mb or more:
     libs 22.5Mb
Flavors: r-devel-linux-x86_64-fedora-clang, r-release-macos-x86_64, r-oldrel-macos-x86_64