CRAN Package Check Results for Package spData

Last updated on 2020-08-10 15:48:10 CEST.

Flavor Version Tinstall Tcheck Ttotal Status Flags
r-devel-linux-x86_64-debian-clang 0.3.8 10.72 90.41 101.13 NOTE
r-devel-linux-x86_64-debian-gcc 0.3.8 8.50 70.41 78.91 NOTE
r-devel-linux-x86_64-fedora-clang 0.3.8 127.78 NOTE
r-devel-linux-x86_64-fedora-gcc 0.3.8 118.43 NOTE
r-devel-windows-ix86+x86_64 0.3.8 26.00 134.00 160.00 NOTE
r-patched-linux-x86_64 0.3.8 11.94 87.82 99.76 NOTE
r-patched-solaris-x86 0.3.8 172.20 NOTE
r-release-linux-x86_64 0.3.8 10.07 87.16 97.23 NOTE
r-release-macos-x86_64 0.3.8 NOTE
r-release-windows-ix86+x86_64 0.3.8 26.00 136.00 162.00 NOTE
r-oldrel-macos-x86_64 0.3.8 NOTE
r-oldrel-windows-ix86+x86_64 0.3.8 15.00 96.00 111.00 NOTE

Check Details

Version: 0.3.8
Check: package dependencies
Result: NOTE
    Package suggested but not available for checking: 'spDataLarge'
Flavors: r-devel-linux-x86_64-debian-clang, r-devel-linux-x86_64-debian-gcc, r-devel-linux-x86_64-fedora-clang, r-devel-linux-x86_64-fedora-gcc, r-devel-windows-ix86+x86_64, r-patched-linux-x86_64, r-patched-solaris-x86, r-release-linux-x86_64, r-release-macos-x86_64, r-release-windows-ix86+x86_64, r-oldrel-macos-x86_64, r-oldrel-windows-ix86+x86_64

Version: 0.3.8
Check: installed package size
Result: NOTE
     installed size is 6.5Mb
     sub-directories of 1Mb or more:
     data 2.6Mb
     shapes 3.2Mb
Flavors: r-devel-linux-x86_64-fedora-clang, r-devel-windows-ix86+x86_64, r-patched-solaris-x86, r-release-macos-x86_64, r-release-windows-ix86+x86_64, r-oldrel-macos-x86_64, r-oldrel-windows-ix86+x86_64

Version: 0.3.8
Check: data for non-ASCII characters
Result: NOTE
     Note: found 56 marked UTF-8 strings
Flavors: r-devel-linux-x86_64-fedora-clang, r-devel-linux-x86_64-fedora-gcc, r-patched-solaris-x86, r-release-macos-x86_64, r-oldrel-macos-x86_64