CRAN Package Check Results for Package spAddins

Last updated on 2020-11-24 15:52:20 CET.

Flavor Version Tinstall Tcheck Ttotal Status Flags
r-devel-linux-x86_64-debian-clang 0.2.0 3.05 27.87 30.92 OK
r-devel-linux-x86_64-debian-gcc 0.2.0 2.39 22.33 24.72 OK
r-devel-linux-x86_64-fedora-clang 0.2.0 41.68 NOTE
r-devel-linux-x86_64-fedora-gcc 0.2.0 30.86 OK
r-devel-windows-ix86+x86_64 0.2.0 6.00 40.00 46.00 OK
r-patched-linux-x86_64 0.2.0 3.12 27.41 30.53 OK
r-patched-solaris-x86 0.2.0 45.40 OK
r-release-linux-x86_64 0.2.0 2.89 24.65 27.54 OK
r-release-macos-x86_64 0.2.0 OK
r-release-windows-ix86+x86_64 0.2.0 4.00 30.00 34.00 OK
r-oldrel-macos-x86_64 0.2.0 OK
r-oldrel-windows-ix86+x86_64 0.2.0 4.00 30.00 34.00 OK

Check Details

Version: 0.2.0
Check: Rd cross-references
Result: NOTE
    Undeclared package ‘rebus.base’ in Rd xrefs
Flavor: r-devel-linux-x86_64-fedora-clang