CRAN Package Check Results for Package soc.ca

Last updated on 2020-09-22 03:49:41 CEST.

Flavor Version Tinstall Tcheck Ttotal Status Flags
r-devel-linux-x86_64-debian-clang 0.7.3 7.78 80.70 88.48 OK
r-devel-linux-x86_64-debian-gcc 0.7.3 0.29 2.07 2.36 ERROR
r-devel-linux-x86_64-fedora-clang 0.7.3 116.81 NOTE
r-devel-linux-x86_64-fedora-gcc 0.7.3 105.90 NOTE
r-devel-windows-ix86+x86_64 0.7.3 17.00 89.00 106.00 OK
r-patched-linux-x86_64 0.7.3 7.95 76.91 84.86 OK
r-patched-solaris-x86 0.7.3 147.80 NOTE
r-release-linux-x86_64 0.7.3 7.69 77.72 85.41 OK
r-release-macos-x86_64 0.7.3 NOTE
r-release-windows-ix86+x86_64 0.7.3 18.00 113.00 131.00 OK
r-oldrel-macos-x86_64 0.7.3 NOTE
r-oldrel-windows-ix86+x86_64 0.7.3 10.00 110.00 120.00 OK

Check Details

Version: 0.7.3
Check: whether package can be installed
Result: ERROR
    Installation failed.
Flavor: r-devel-linux-x86_64-debian-gcc

Version: 0.7.3
Check: data for non-ASCII characters
Result: NOTE
     Note: found 833 marked UTF-8 strings
Flavors: r-devel-linux-x86_64-fedora-clang, r-devel-linux-x86_64-fedora-gcc, r-patched-solaris-x86, r-release-macos-x86_64, r-oldrel-macos-x86_64