CRAN Package Check Results for Package snowFT

Last updated on 2020-09-24 15:48:42 CEST.

Flavor Version Tinstall Tcheck Ttotal Status Flags
r-devel-linux-x86_64-debian-clang 1.6-0 2.79 17.44 20.23 OK
r-devel-linux-x86_64-debian-gcc 1.6-0 2.07 15.67 17.74 OK
r-devel-linux-x86_64-fedora-clang 1.6-0 50.73 OK
r-devel-linux-x86_64-fedora-gcc 1.6-0 39.14 OK
r-devel-windows-ix86+x86_64 1.6-0 6.00 45.00 51.00 OK
r-patched-linux-x86_64 1.6-0 2.38 17.31 19.69 OK
r-patched-solaris-x86 1.6-0 83.80 OK
r-release-linux-x86_64 1.6-0 2.54 17.53 20.07 OK
r-release-macos-x86_64 1.6-0 NOTE
r-release-windows-ix86+x86_64 1.6-0 6.00 73.00 79.00 OK
r-oldrel-macos-x86_64 1.6-0 NOTE
r-oldrel-windows-ix86+x86_64 1.6-0 5.00 44.00 49.00 OK

Check Details

Version: 1.6-0
Check: package dependencies
Result: NOTE
    Package suggested but not available for checking: ‘Rmpi’
Flavors: r-release-macos-x86_64, r-oldrel-macos-x86_64