Last updated on 2025-01-23 15:49:32 CET.
Flavor | Version | Tinstall | Tcheck | Ttotal | Status | Flags |
---|---|---|---|---|---|---|
r-devel-linux-x86_64-debian-clang | 1.6-1 | 2.36 | 18.10 | 20.46 | OK | |
r-devel-linux-x86_64-debian-gcc | 1.6-1 | 1.78 | 16.53 | 18.31 | OK | |
r-devel-linux-x86_64-fedora-clang | 1.6-1 | 49.64 | OK | |||
r-devel-linux-x86_64-fedora-gcc | 1.6-1 | 47.02 | OK | |||
r-devel-windows-x86_64 | 1.6-1 | 3.00 | 58.00 | 61.00 | OK | |
r-patched-linux-x86_64 | 1.6-1 | 2.50 | 17.54 | 20.04 | OK | |
r-release-linux-x86_64 | 1.6-1 | 2.14 | 17.44 | 19.58 | OK | |
r-release-macos-arm64 | 1.6-1 | 22.00 | NOTE | |||
r-release-macos-x86_64 | 1.6-1 | 31.00 | NOTE | |||
r-release-windows-x86_64 | 1.6-1 | 3.00 | 57.00 | 60.00 | OK | |
r-oldrel-macos-arm64 | 1.6-1 | 25.00 | NOTE | |||
r-oldrel-macos-x86_64 | 1.6-1 | 51.00 | NOTE | |||
r-oldrel-windows-x86_64 | 1.6-1 | 5.00 | 60.00 | 65.00 | OK |
Version: 1.6-1
Check: package dependencies
Result: NOTE
Package suggested but not available for checking: ‘Rmpi’
Flavors: r-release-macos-arm64, r-release-macos-x86_64, r-oldrel-macos-arm64, r-oldrel-macos-x86_64