CRAN Package Check Results for Package snow

Last updated on 2020-10-23 15:48:18 CEST.

Flavor Version Tinstall Tcheck Ttotal Status Flags
r-devel-linux-x86_64-debian-clang 0.4-3 2.72 24.76 27.48 OK
r-devel-linux-x86_64-debian-gcc 0.4-3 2.36 19.21 21.57 OK
r-devel-linux-x86_64-fedora-clang 0.4-3 42.15 OK
r-devel-linux-x86_64-fedora-gcc 0.4-3 33.00 OK
r-devel-windows-ix86+x86_64 0.4-3 6.00 38.00 44.00 OK
r-patched-linux-x86_64 0.4-3 2.98 23.38 26.36 OK
r-patched-solaris-x86 0.4-3 47.80 OK
r-release-linux-x86_64 0.4-3 2.81 23.52 26.33 OK
r-release-macos-x86_64 0.4-3 NOTE
r-release-windows-ix86+x86_64 0.4-3 6.00 29.00 35.00 OK
r-oldrel-macos-x86_64 0.4-3 NOTE
r-oldrel-windows-ix86+x86_64 0.4-3 7.00 28.00 35.00 OK

Check Details

Version: 0.4-3
Check: package dependencies
Result: NOTE
    Package suggested but not available for checking: ‘Rmpi’
Flavors: r-release-macos-x86_64, r-oldrel-macos-x86_64