CRAN Package Check Results for Package snow

Last updated on 2020-08-09 15:47:58 CEST.

Flavor Version Tinstall Tcheck Ttotal Status Flags
r-devel-linux-x86_64-debian-clang 0.4-3 2.67 23.49 26.16 OK
r-devel-linux-x86_64-debian-gcc 0.4-3 2.46 18.56 21.02 OK
r-devel-linux-x86_64-fedora-clang 0.4-3 41.43 OK
r-devel-linux-x86_64-fedora-gcc 0.4-3 31.71 OK
r-devel-windows-ix86+x86_64 0.4-3 10.00 35.00 45.00 OK
r-patched-linux-x86_64 0.4-3 2.92 23.61 26.53 OK
r-patched-solaris-x86 0.4-3 47.00 OK
r-release-linux-x86_64 0.4-3 2.91 24.89 27.80 OK
r-release-macos-x86_64 0.4-3 NOTE
r-release-windows-ix86+x86_64 0.4-3 7.00 46.00 53.00 OK
r-oldrel-macos-x86_64 0.4-3 NOTE
r-oldrel-windows-ix86+x86_64 0.4-3 7.00 28.00 35.00 OK

Check Details

Version: 0.4-3
Check: package dependencies
Result: NOTE
    Package suggested but not available for checking: ‘Rmpi’
Flavors: r-release-macos-x86_64, r-oldrel-macos-x86_64