CRAN Package Check Results for Package snotelr

Last updated on 2022-08-10 15:51:36 CEST.

Flavor Version Tinstall Tcheck Ttotal Status Flags
r-devel-linux-x86_64-debian-clang 1.0.4 5.66 49.92 55.58 NOTE
r-devel-linux-x86_64-debian-gcc 1.0.4 4.41 39.34 43.75 NOTE
r-devel-linux-x86_64-fedora-clang 1.0.4 79.00 NOTE
r-devel-linux-x86_64-fedora-gcc 1.0.4 76.32 NOTE
r-devel-windows-x86_64 1.0.4 9.00 80.00 89.00 NOTE
r-patched-linux-x86_64 1.0.4 4.97 49.72 54.69 NOTE
r-release-linux-x86_64 1.0.4 NOTE
r-release-macos-arm64 1.0.4 24.00 NOTE
r-release-macos-x86_64 1.0.4 45.00 NOTE
r-release-windows-x86_64 1.0.4 14.00 80.00 94.00 NOTE
r-oldrel-macos-arm64 1.0.4 29.00 NOTE
r-oldrel-macos-x86_64 1.0.4 46.00 NOTE
r-oldrel-windows-ix86+x86_64 1.0.4 14.00 70.00 84.00 NOTE

Check Details

Version: 1.0.4
Check: LazyData
Result: NOTE
     'LazyData' is specified without a 'data' directory
Flavors: r-devel-linux-x86_64-debian-clang, r-devel-linux-x86_64-debian-gcc, r-devel-linux-x86_64-fedora-clang, r-devel-linux-x86_64-fedora-gcc, r-devel-windows-x86_64, r-patched-linux-x86_64, r-release-linux-x86_64, r-release-macos-arm64, r-release-macos-x86_64, r-release-windows-x86_64, r-oldrel-macos-arm64, r-oldrel-macos-x86_64, r-oldrel-windows-ix86+x86_64