CRAN Package Check Results for Package sn

Last updated on 2021-09-19 03:51:32 CEST.

Flavor Version Tinstall Tcheck Ttotal Status Flags
r-devel-linux-x86_64-debian-clang 2.0.0 21.43 142.34 163.77 OK
r-devel-linux-x86_64-debian-gcc 2.0.0 16.30 102.78 119.08 OK
r-devel-linux-x86_64-fedora-clang 2.0.0 199.03 OK
r-devel-linux-x86_64-fedora-gcc 2.0.0 196.39 OK
r-devel-windows-x86_64 2.0.0 22.00 171.00 193.00 OK
r-devel-windows-x86_64-gcc10-UCRT 2.0.0 ERROR
r-patched-linux-x86_64 2.0.0 22.84 140.64 163.48 OK
r-patched-solaris-x86 2.0.0 226.50 OK
r-release-linux-x86_64 2.0.0 18.26 138.79 157.05 OK
r-release-macos-arm64 2.0.0 OK
r-release-macos-x86_64 2.0.0 OK
r-release-windows-ix86+x86_64 2.0.0 37.00 125.00 162.00 OK
r-oldrel-macos-x86_64 2.0.0 OK
r-oldrel-windows-ix86+x86_64 2.0.0 33.00 120.00 153.00 OK

Check Details

Version: 2.0.0
Check: whether package can be installed
Result: WARN
    Found the following significant warnings:
     WARNING: installation-time patches will not be applied, could not get the patches index
Flavor: r-devel-windows-x86_64-gcc10-UCRT

Version: 2.0.0
Check: PDF version of manual
Result: WARN
    LaTeX errors when creating PDF version.
    This typically indicates Rd problems.
Flavor: r-devel-windows-x86_64-gcc10-UCRT

Version: 2.0.0
Check: PDF version of manual without hyperrefs or index
Result: ERROR
    Re-running with no redirection of stdout/stderr.
Flavor: r-devel-windows-x86_64-gcc10-UCRT