Last updated on 2023-02-01 03:54:28 CET.
Flavor | Version | Tinstall | Tcheck | Ttotal | Status | Flags |
---|---|---|---|---|---|---|
r-devel-linux-x86_64-debian-clang | 0.3 | 11.12 | 126.31 | 137.43 | NOTE | |
r-devel-linux-x86_64-debian-gcc | 0.3 | 9.45 | 99.30 | 108.75 | NOTE | |
r-devel-linux-x86_64-fedora-clang | 0.3 | 175.42 | NOTE | |||
r-devel-linux-x86_64-fedora-gcc | 0.3 | 175.86 | NOTE | |||
r-devel-windows-x86_64 | 0.3 | 23.00 | 160.00 | 183.00 | NOTE | |
r-patched-linux-x86_64 | 0.3 | 10.80 | 121.71 | 132.51 | NOTE | |
r-release-linux-x86_64 | 0.3 | 8.43 | 123.41 | 131.84 | NOTE | |
r-release-macos-arm64 | 0.3 | 68.00 | NOTE | |||
r-release-macos-x86_64 | 0.3 | 66.00 | NOTE | |||
r-release-windows-x86_64 | 0.3 | 31.00 | 154.00 | 185.00 | NOTE | |
r-oldrel-macos-arm64 | 0.3 | 60.00 | NOTE | |||
r-oldrel-macos-x86_64 | 0.3 | 106.00 | NOTE | |||
r-oldrel-windows-ix86+x86_64 | 0.3 | 25.00 | 156.00 | 181.00 | NOTE |
Version: 0.3
Check: LazyData
Result: NOTE
'LazyData' is specified without a 'data' directory
Flavors: r-devel-linux-x86_64-debian-clang, r-devel-linux-x86_64-debian-gcc, r-devel-linux-x86_64-fedora-clang, r-devel-linux-x86_64-fedora-gcc, r-devel-windows-x86_64, r-patched-linux-x86_64, r-release-linux-x86_64, r-release-macos-arm64, r-release-macos-x86_64, r-release-windows-x86_64, r-oldrel-macos-arm64, r-oldrel-macos-x86_64, r-oldrel-windows-ix86+x86_64
Version: 0.3
Check: dependencies in R code
Result: NOTE
Namespaces in Imports field not imported from:
‘compiler’ ‘lmtest’
All declared Imports should be used.
Flavors: r-devel-linux-x86_64-fedora-clang, r-devel-linux-x86_64-fedora-gcc, r-release-macos-arm64, r-release-macos-x86_64, r-oldrel-macos-arm64, r-oldrel-macos-x86_64