CRAN Package Check Results for Package smnet

Last updated on 2021-09-19 03:51:32 CEST.

Flavor Version Tinstall Tcheck Ttotal Status Flags
r-devel-linux-x86_64-debian-clang 2.1.2 14.27 139.62 153.89 OK
r-devel-linux-x86_64-debian-gcc 2.1.2 14.14 106.76 120.90 OK
r-devel-linux-x86_64-fedora-clang 2.1.2 196.70 OK
r-devel-linux-x86_64-fedora-gcc 2.1.2 200.87 OK
r-devel-windows-x86_64 2.1.2 20.00 196.00 216.00 OK
r-devel-windows-x86_64-gcc10-UCRT 2.1.2 ERROR
r-patched-linux-x86_64 2.1.2 14.84 136.54 151.38 OK
r-patched-solaris-x86 2.1.2 283.10 OK
r-release-linux-x86_64 2.1.2 14.98 136.56 151.54 OK
r-release-macos-arm64 2.1.2 OK
r-release-macos-x86_64 2.1.2 OK
r-release-windows-ix86+x86_64 2.1.2 42.00 141.00 183.00 OK
r-oldrel-macos-x86_64 2.1.2 OK
r-oldrel-windows-ix86+x86_64 2.1.2 50.00 142.00 192.00 OK

Check Details

Version: 2.1.2
Check: whether package can be installed
Result: WARN
    Found the following significant warnings:
     WARNING: installation-time patches will not be applied, could not get the patches index
Flavor: r-devel-windows-x86_64-gcc10-UCRT

Version: 2.1.2
Check: PDF version of manual
Result: WARN
    LaTeX errors when creating PDF version.
    This typically indicates Rd problems.
Flavor: r-devel-windows-x86_64-gcc10-UCRT

Version: 2.1.2
Check: PDF version of manual without hyperrefs or index
Result: ERROR
    Re-running with no redirection of stdout/stderr.
Flavor: r-devel-windows-x86_64-gcc10-UCRT