CRAN Package Check Results for Package smcfcs

Last updated on 2022-09-25 15:56:54 CEST.

Flavor Version Tinstall Tcheck Ttotal Status Flags
r-devel-linux-x86_64-debian-clang 1.7.0 9.83 149.94 159.77 OK
r-devel-linux-x86_64-debian-gcc 1.7.0 9.05 111.07 120.12 OK
r-devel-linux-x86_64-fedora-clang 1.7.0 203.07 NOTE
r-devel-linux-x86_64-fedora-gcc 1.7.0 194.86 OK
r-devel-windows-x86_64 1.7.0 21.00 167.00 188.00 OK
r-patched-linux-x86_64 1.7.0 9.92 142.55 152.47 OK
r-release-linux-x86_64 1.7.0 10.91 136.87 147.78 OK
r-release-macos-arm64 1.7.0 51.00 OK
r-release-macos-x86_64 1.7.0 75.00 OK
r-release-windows-x86_64 1.7.0 27.00 168.00 195.00 OK
r-oldrel-macos-arm64 1.7.0 53.00 OK
r-oldrel-macos-x86_64 1.7.0 74.00 OK
r-oldrel-windows-ix86+x86_64 1.7.0 22.00 171.00 193.00 OK

Check Details

Version: 1.7.0
Check: Rd cross-references
Result: NOTE
    Undeclared package ‘mice’ in Rd xrefs
Flavor: r-devel-linux-x86_64-fedora-clang