CRAN Package Check Results for Package smapr

Last updated on 2022-08-15 03:53:00 CEST.

Flavor Version Tinstall Tcheck Ttotal Status Flags
r-devel-linux-x86_64-debian-clang 0.2.1 29.87 279.64 309.51 NOTE
r-devel-linux-x86_64-debian-gcc 0.2.1 25.39 201.02 226.41 NOTE
r-devel-linux-x86_64-fedora-clang 0.2.1 362.84 NOTE
r-devel-linux-x86_64-fedora-gcc 0.2.1 379.74 NOTE
r-devel-windows-x86_64 0.2.1 33.00 261.00 294.00 NOTE
r-patched-linux-x86_64 0.2.1 29.03 266.18 295.21 NOTE
r-release-linux-x86_64 0.2.1 25.80 268.75 294.55 NOTE
r-release-macos-arm64 0.2.1 76.00 NOTE
r-release-macos-x86_64 0.2.1 110.00 NOTE
r-release-windows-x86_64 0.2.1 34.00 261.00 295.00 NOTE
r-oldrel-macos-arm64 0.2.1 40.00 NOTE
r-oldrel-macos-x86_64 0.2.1 62.00 NOTE
r-oldrel-windows-ix86+x86_64 0.2.1 59.00 270.00 329.00 NOTE

Check Details

Version: 0.2.1
Check: LazyData
Result: NOTE
     'LazyData' is specified without a 'data' directory
Flavors: r-devel-linux-x86_64-debian-clang, r-devel-linux-x86_64-debian-gcc, r-devel-linux-x86_64-fedora-clang, r-devel-linux-x86_64-fedora-gcc, r-devel-windows-x86_64, r-patched-linux-x86_64, r-release-linux-x86_64, r-release-macos-arm64, r-release-macos-x86_64, r-release-windows-x86_64, r-oldrel-macos-arm64, r-oldrel-macos-x86_64, r-oldrel-windows-ix86+x86_64