Last updated on 2022-06-29 15:50:05 CEST.
Flavor | Version | Tinstall | Tcheck | Ttotal | Status | Flags |
---|---|---|---|---|---|---|
r-devel-linux-x86_64-debian-clang | 0.6.0 | 84.59 | 53.96 | 138.55 | NOTE | |
r-devel-linux-x86_64-debian-gcc | 0.6.0 | 69.95 | 42.37 | 112.32 | NOTE | |
r-devel-linux-x86_64-fedora-clang | 0.6.0 | 218.57 | NOTE | |||
r-devel-linux-x86_64-fedora-gcc | 0.6.0 | 194.41 | NOTE | |||
r-devel-windows-x86_64 | 0.6.0 | 84.00 | 110.00 | 194.00 | NOTE | |
r-patched-linux-x86_64 | 0.6.0 | 74.01 | 53.67 | 127.68 | NOTE | |
r-release-linux-x86_64 | 0.6.0 | 67.13 | 53.58 | 120.71 | NOTE | |
r-release-macos-arm64 | 0.6.0 | 54.00 | NOTE | |||
r-release-macos-x86_64 | 0.6.0 | 90.00 | NOTE | |||
r-release-windows-x86_64 | 0.6.0 | 96.00 | 114.00 | 210.00 | NOTE | |
r-oldrel-macos-arm64 | 0.6.0 | 60.00 | NOTE | |||
r-oldrel-macos-x86_64 | 0.6.0 | 72.00 | NOTE | |||
r-oldrel-windows-ix86+x86_64 | 0.6.0 | 207.00 | 112.00 | 319.00 | NOTE |
Version: 0.6.0
Check: for GNU extensions in Makefiles
Result: NOTE
GNU make is a SystemRequirements.
Flavors: r-devel-linux-x86_64-debian-clang, r-devel-linux-x86_64-debian-gcc, r-devel-linux-x86_64-fedora-clang, r-devel-linux-x86_64-fedora-gcc, r-devel-windows-x86_64, r-patched-linux-x86_64, r-release-linux-x86_64, r-release-macos-arm64, r-release-macos-x86_64, r-release-windows-x86_64, r-oldrel-macos-arm64, r-oldrel-macos-x86_64, r-oldrel-windows-ix86+x86_64
Version: 0.6.0
Check: installed package size
Result: NOTE
installed size is 5.6Mb
sub-directories of 1Mb or more:
libs 5.0Mb
Flavors: r-release-macos-arm64, r-release-macos-x86_64, r-oldrel-macos-arm64, r-oldrel-macos-x86_64