CRAN Package Check Results for Package slippymath

Last updated on 2022-06-26 15:53:11 CEST.

Flavor Version Tinstall Tcheck Ttotal Status Flags
r-devel-linux-x86_64-debian-clang 0.3.1 2.14 51.79 53.93 NOTE
r-devel-linux-x86_64-debian-gcc 0.3.1 1.47 39.95 41.42 NOTE
r-devel-linux-x86_64-fedora-clang 0.3.1 76.70 NOTE
r-devel-linux-x86_64-fedora-gcc 0.3.1 72.94 NOTE
r-devel-windows-x86_64 0.3.1 38.00 87.00 125.00 NOTE
r-patched-linux-x86_64 0.3.1 2.87 51.07 53.94 NOTE
r-release-linux-x86_64 0.3.1 2.04 50.81 52.85 NOTE
r-release-macos-arm64 0.3.1 25.00 NOTE
r-release-macos-x86_64 0.3.1 37.00 NOTE
r-release-windows-x86_64 0.3.1 50.00 87.00 137.00 NOTE
r-oldrel-macos-arm64 0.3.1 28.00 NOTE
r-oldrel-macos-x86_64 0.3.1 37.00 NOTE
r-oldrel-windows-ix86+x86_64 0.3.1 7.00 73.00 80.00 NOTE

Check Details

Version: 0.3.1
Check: LazyData
Result: NOTE
     'LazyData' is specified without a 'data' directory
Flavors: r-devel-linux-x86_64-debian-clang, r-devel-linux-x86_64-debian-gcc, r-devel-linux-x86_64-fedora-clang, r-devel-linux-x86_64-fedora-gcc, r-devel-windows-x86_64, r-patched-linux-x86_64, r-release-linux-x86_64, r-release-macos-arm64, r-release-macos-x86_64, r-release-windows-x86_64, r-oldrel-macos-arm64, r-oldrel-macos-x86_64, r-oldrel-windows-ix86+x86_64