CRAN Package Check Results for Package slimrec

Last updated on 2020-09-22 03:49:41 CEST.

Flavor Version Tinstall Tcheck Ttotal Status Flags
r-devel-linux-x86_64-debian-clang 0.1.0 7.48 70.23 77.71 OK
r-devel-linux-x86_64-debian-gcc 0.1.0 0.28 1.96 2.24 ERROR
r-devel-linux-x86_64-fedora-clang 0.1.0 110.25 OK
r-devel-linux-x86_64-fedora-gcc 0.1.0 100.25 OK
r-devel-windows-ix86+x86_64 0.1.0 18.00 73.00 91.00 OK
r-patched-linux-x86_64 0.1.0 8.48 67.28 75.76 OK
r-patched-solaris-x86 0.1.0 145.90 OK
r-release-linux-x86_64 0.1.0 8.29 67.76 76.05 OK
r-release-macos-x86_64 0.1.0 OK
r-release-windows-ix86+x86_64 0.1.0 18.00 69.00 87.00 OK
r-oldrel-macos-x86_64 0.1.0 OK
r-oldrel-windows-ix86+x86_64 0.1.0 12.00 93.00 105.00 OK

Check Details

Version: 0.1.0
Check: whether package can be installed
Result: ERROR
    Installation failed.
Flavor: r-devel-linux-x86_64-debian-gcc