CRAN Package Check Results for Package slideview

Last updated on 2020-11-28 03:52:48 CET.

Flavor Version Tinstall Tcheck Ttotal Status Flags
r-devel-linux-x86_64-debian-clang 0.1.0 10.70 78.49 89.19 OK
r-devel-linux-x86_64-debian-gcc 0.1.0 7.64 61.69 69.33 OK
r-devel-linux-x86_64-fedora-clang 0.1.0 109.68 NOTE
r-devel-linux-x86_64-fedora-gcc 0.1.0 105.89 NOTE
r-devel-windows-ix86+x86_64 0.1.0 19.00 92.00 111.00 OK
r-patched-linux-x86_64 0.1.0 7.45 75.48 82.93 OK
r-patched-solaris-x86 0.1.0 143.20 NOTE
r-release-linux-x86_64 0.1.0 10.45 73.31 83.76 OK
r-release-macos-x86_64 0.1.0 NOTE
r-release-windows-ix86+x86_64 0.1.0 15.00 71.00 86.00 OK
r-oldrel-macos-x86_64 0.1.0 NOTE
r-oldrel-windows-ix86+x86_64 0.1.0 16.00 84.00 100.00 OK

Check Details

Version: 0.1.0
Check: dependencies in R code
Result: NOTE
    Namespace in Imports field not imported from: ‘viridisLite’
     All declared Imports should be used.
Flavors: r-devel-linux-x86_64-fedora-clang, r-devel-linux-x86_64-fedora-gcc, r-patched-solaris-x86, r-release-macos-x86_64, r-oldrel-macos-x86_64