CRAN Package Check Results for Package sleev

Last updated on 2024-02-23 15:52:30 CET.

Flavor Version Tinstall Tcheck Ttotal Status Flags
r-devel-linux-x86_64-debian-clang 1.0.3 OK
r-devel-linux-x86_64-debian-gcc 1.0.3 97.99 117.84 215.83 OK
r-devel-linux-x86_64-fedora-clang 1.0.3 279.40 OK
r-devel-linux-x86_64-fedora-gcc 1.0.3 321.78 OK
r-devel-windows-x86_64 1.0.3 83.00 114.00 197.00 OK
r-patched-linux-x86_64 1.0.3 127.49 123.51 251.00 OK
r-release-linux-x86_64 1.0.3 119.25 105.55 224.80 OK
r-release-macos-arm64 1.0.3 66.00 NOTE
r-release-macos-x86_64 1.0.3 132.00 NOTE
r-release-windows-x86_64 1.0.3 108.00 125.00 233.00 OK
r-oldrel-macos-arm64 1.0.3 67.00 NOTE
r-oldrel-windows-x86_64 1.0.3 98.00 117.00 215.00 OK

Check Details

Version: 1.0.3
Check: installed package size
Result: NOTE installed size is 20.7Mb sub-directories of 1Mb or more: libs 20.3Mb Flavors: r-release-macos-arm64, r-release-macos-x86_64, r-oldrel-macos-arm64