Last updated on 2023-03-26 15:52:46 CEST.
Flavor | Version | Tinstall | Tcheck | Ttotal | Status | Flags |
---|---|---|---|---|---|---|
r-devel-linux-x86_64-debian-clang | 1.0.0 | 67.95 | 59.72 | 127.67 | NOTE | |
r-devel-linux-x86_64-debian-gcc | 1.0.0 | 50.52 | 46.15 | 96.67 | NOTE | |
r-devel-linux-x86_64-fedora-clang | 1.0.0 | 190.41 | NOTE | |||
r-devel-linux-x86_64-fedora-gcc | 1.0.0 | 170.83 | NOTE | |||
r-patched-linux-x86_64 | 1.0.0 | 55.01 | 57.57 | 112.58 | NOTE | |
r-release-linux-x86_64 | 1.0.0 | 54.50 | 58.73 | 113.23 | OK | |
r-release-macos-arm64 | 1.0.0 | 47.00 | NOTE | |||
r-release-macos-x86_64 | 1.0.0 | 77.00 | NOTE | |||
r-release-windows-x86_64 | 1.0.0 | 69.00 | 106.00 | 175.00 | OK | |
r-oldrel-macos-arm64 | 1.0.0 | 57.00 | NOTE | |||
r-oldrel-macos-x86_64 | 1.0.0 | 68.00 | NOTE | |||
r-oldrel-windows-ix86+x86_64 | 1.0.0 | 223.00 | 426.00 | 649.00 | NOTE |
Version: 1.0.0
Check: C++ specification
Result: NOTE
Specified C++11: please drop specification unless essential
Flavors: r-devel-linux-x86_64-debian-clang, r-devel-linux-x86_64-debian-gcc, r-devel-linux-x86_64-fedora-clang, r-devel-linux-x86_64-fedora-gcc, r-patched-linux-x86_64
Version: 1.0.0
Check: dependencies in R code
Result: NOTE
Namespace in Imports field not imported from: ‘RcppArmadillo’
All declared Imports should be used.
Flavors: r-devel-linux-x86_64-fedora-clang, r-devel-linux-x86_64-fedora-gcc, r-release-macos-arm64, r-release-macos-x86_64, r-oldrel-macos-arm64, r-oldrel-macos-x86_64
Version: 1.0.0
Check: installed package size
Result: NOTE
installed size is 5.1Mb
sub-directories of 1Mb or more:
R 2.0Mb
libs 2.0Mb
Flavor: r-oldrel-windows-ix86+x86_64