Last updated on 2022-06-26 03:50:13 CEST.
Flavor | Version | Tinstall | Tcheck | Ttotal | Status | Flags |
---|---|---|---|---|---|---|
r-devel-linux-x86_64-debian-clang | 1.1.4 | 207.47 | 211.63 | 419.10 | OK | |
r-devel-linux-x86_64-debian-gcc | 1.1.4 | 177.74 | 162.95 | 340.69 | OK | |
r-devel-linux-x86_64-fedora-clang | 1.1.4 | 593.79 | NOTE | |||
r-devel-linux-x86_64-fedora-gcc | 1.1.4 | 552.70 | OK | |||
r-devel-windows-x86_64 | 1.1.4 | 156.00 | 262.00 | 418.00 | OK | |
r-patched-linux-x86_64 | 1.1.4 | 186.98 | 208.43 | 395.41 | OK | |
r-release-linux-x86_64 | 1.1.4 | 187.22 | 211.90 | 399.12 | OK | |
r-release-macos-arm64 | 1.1.4 | 142.00 | NOTE | |||
r-release-macos-x86_64 | 1.1.4 | 225.00 | NOTE | |||
r-release-windows-x86_64 | 1.1.4 | 153.00 | 263.00 | 416.00 | OK | |
r-oldrel-macos-arm64 | 1.1.4 | 138.00 | NOTE | |||
r-oldrel-macos-x86_64 | 1.1.4 | 186.00 | NOTE | |||
r-oldrel-windows-ix86+x86_64 | 1.1.4 | 434.00 | 426.00 | 860.00 | OK |
Version: 1.1.4
Check: installed package size
Result: NOTE
installed size is 33.7Mb
sub-directories of 1Mb or more:
libs 32.1Mb
Flavors: r-devel-linux-x86_64-fedora-clang, r-release-macos-arm64, r-release-macos-x86_64, r-oldrel-macos-arm64, r-oldrel-macos-x86_64