CRAN Package Check Results for Package skipTrack

Last updated on 2024-07-22 03:49:29 CEST.

Flavor Version Tinstall Tcheck Ttotal Status Flags
r-devel-linux-x86_64-debian-clang 0.1.0 5.49 218.55 224.04 OK
r-devel-linux-x86_64-debian-gcc 0.1.0 3.87 148.40 152.27 NOTE
r-devel-linux-x86_64-fedora-clang 0.1.0 212.43 OK
r-devel-linux-x86_64-fedora-gcc 0.1.0 230.30 OK
r-devel-windows-x86_64 0.1.0 8.00 162.00 170.00 NOTE
r-patched-linux-x86_64 0.1.0 10.76 206.84 217.60 OK
r-release-linux-x86_64 0.1.0 3.03 185.57 188.60 OK
r-release-macos-arm64 0.1.0 75.00 OK
r-release-macos-x86_64 0.1.0 123.00 OK
r-release-windows-x86_64 0.1.0 5.00 156.00 161.00 OK
r-oldrel-macos-arm64 0.1.0 92.00 OK
r-oldrel-macos-x86_64 0.1.0 204.00 OK
r-oldrel-windows-x86_64 0.1.0 7.00 198.00 205.00 OK

Check Details

Version: 0.1.0
Check: Rd cross-references
Result: NOTE Found the following Rd file(s) with Rd \link{} targets missing package anchors: skipTrack.diagnostics.Rd: genDiagnostic Please provide package anchors for all Rd \link{} targets not in the package itself and the base packages. Flavors: r-devel-linux-x86_64-debian-gcc, r-devel-windows-x86_64