CRAN Package Check Results for Package sjSDM

Last updated on 2022-12-04 15:53:51 CET.

Flavor Version Tinstall Tcheck Ttotal Status Flags
r-devel-linux-x86_64-debian-clang 1.0.3 15.46 156.57 172.03 OK
r-devel-linux-x86_64-debian-gcc 1.0.3 12.33 115.34 127.67 OK
r-devel-linux-x86_64-fedora-clang 1.0.3 228.42 OK
r-devel-linux-x86_64-fedora-gcc 1.0.3 244.16 OK
r-devel-windows-x86_64 1.0.3 384.00 269.00 653.00 OK
r-patched-linux-x86_64 1.0.3 13.78 144.78 158.56 OK
r-release-linux-x86_64 1.0.3 12.87 142.70 155.57 OK
r-release-macos-arm64 1.0.3 51.00 NOTE
r-release-macos-x86_64 1.0.3 81.00 NOTE
r-release-windows-x86_64 1.0.3 74.00 280.00 354.00 OK
r-oldrel-macos-arm64 1.0.3 51.00 NOTE
r-oldrel-macos-x86_64 1.0.3 87.00 NOTE
r-oldrel-windows-ix86+x86_64 1.0.3 59.00 237.00 296.00 OK

Check Details

Version: 1.0.3
Check: whether the namespace can be loaded with stated dependencies
Result: NOTE
    Warning in py_initialize(config$python, config$libpython, config$pythonhome, :
     Python 2 reached EOL on January 1, 2020. Python 2 compatability be removed in an upcoming reticulate release.
    
    A namespace must be able to be loaded with just the base namespace
    loaded: otherwise if the namespace gets loaded by a saved object, the
    session will be unable to start.
    
    Probably some imports need to be declared in the NAMESPACE file.
Flavors: r-release-macos-arm64, r-release-macos-x86_64, r-oldrel-macos-arm64, r-oldrel-macos-x86_64