Last updated on 2022-08-08 03:55:55 CEST.
Flavor | Version | Tinstall | Tcheck | Ttotal | Status | Flags |
---|---|---|---|---|---|---|
r-devel-linux-x86_64-debian-clang | 1.1.0 | 148.31 | 180.09 | 328.40 | OK | |
r-devel-linux-x86_64-debian-gcc | 1.1.0 | 115.48 | 129.92 | 245.40 | OK | |
r-devel-linux-x86_64-fedora-clang | 1.1.0 | 462.83 | OK | |||
r-devel-linux-x86_64-fedora-gcc | 1.1.0 | 401.26 | OK | |||
r-devel-windows-x86_64 | 1.1.0 | 334.00 | 213.00 | 547.00 | OK | |
r-patched-linux-x86_64 | 1.1.0 | 117.50 | 160.01 | 277.51 | OK | |
r-release-linux-x86_64 | 1.1.0 | OK | ||||
r-release-macos-arm64 | 1.1.0 | 99.00 | NOTE | |||
r-release-macos-x86_64 | 1.1.0 | 130.00 | NOTE | |||
r-release-windows-x86_64 | 1.1.0 | 303.00 | 224.00 | 527.00 | OK | |
r-oldrel-macos-arm64 | 1.1.0 | 103.00 | WARN | |||
r-oldrel-macos-x86_64 | 1.1.0 | 128.00 | WARN | |||
r-oldrel-windows-ix86+x86_64 | 1.1.0 | 355.00 | 246.00 | 601.00 | NOTE |
Version: 1.1.0
Check: installed package size
Result: NOTE
installed size is 7.6Mb
sub-directories of 1Mb or more:
extdata 1.6Mb
libs 4.0Mb
Flavors: r-release-macos-arm64, r-release-macos-x86_64, r-oldrel-macos-arm64, r-oldrel-macos-x86_64, r-oldrel-windows-ix86+x86_64
Version: 1.1.0
Check: for executable files
Result: WARN
Found the following executable file:
inst/extdata/shapefiles/df_bsb/df_bsb.dbf
Source packages should not contain undeclared executable files.
See section ‘Package structure’ in the ‘Writing R Extensions’ manual.
Flavors: r-oldrel-macos-arm64, r-oldrel-macos-x86_64
Version: 1.1.0
Check: whether package can be installed
Result: WARN
Found the following significant warnings:
Warning: Torch failed to start, restart your R session to try again. /Volumes/Builds/packages/big-sur-arm64/Rlib/4.1/torch/lib/liblantern.dylib - dlopen(/Volumes/Builds/packages/big-sur-arm64/Rlib/4.1/torch/lib/liblantern.dylib, 10): no suitable image found. Did find:
Flavor: r-oldrel-macos-arm64
Version: 1.1.0
Check: dependencies in R code
Result: NOTE
Warning: Torch failed to start, restart your R session to try again. /Volumes/Builds/packages/big-sur-arm64/Rlib/4.1/torch/lib/liblantern.dylib - dlopen(/Volumes/Builds/packages/big-sur-arm64/Rlib/4.1/torch/lib/liblantern.dylib, 10): no suitable image found. Did find:
/Volumes/Builds/packages/big-sur-arm64/Rlib/4.1/torch/lib/liblantern.dylib: mach-o, but wrong architecture
/Volumes/Builds/packages/big-sur-arm64/Rlib/4.1/torch/lib/liblantern.dylib: mach-o, but wrong architecture
Flavor: r-oldrel-macos-arm64
Version: 1.1.0
Check: foreign function calls
Result: NOTE
Warning: Torch failed to start, restart your R session to try again. /Volumes/Builds/packages/big-sur-arm64/Rlib/4.1/torch/lib/liblantern.dylib - dlopen(/Volumes/Builds/packages/big-sur-arm64/Rlib/4.1/torch/lib/liblantern.dylib, 10): no suitable image found. Did find:
/Volumes/Builds/packages/big-sur-arm64/Rlib/4.1/torch/lib/liblantern.dylib: mach-o, but wrong architecture
/Volumes/Builds/packages/big-sur-arm64/Rlib/4.1/torch/lib/liblantern.dylib: mach-o, but wrong architecture
See chapter ‘System and foreign language interfaces’ in the ‘Writing R
Extensions’ manual.
Flavor: r-oldrel-macos-arm64
Version: 1.1.0
Check: R code for possible problems
Result: NOTE
Warning: Torch failed to start, restart your R session to try again. /Volumes/Builds/packages/big-sur-arm64/Rlib/4.1/torch/lib/liblantern.dylib - dlopen(/Volumes/Builds/packages/big-sur-arm64/Rlib/4.1/torch/lib/liblantern.dylib, 10): no suitable image found. Did find:
/Volumes/Builds/packages/big-sur-arm64/Rlib/4.1/torch/lib/liblantern.dylib: mach-o, but wrong architecture
/Volumes/Builds/packages/big-sur-arm64/Rlib/4.1/torch/lib/liblantern.dylib: mach-o, but wrong architecture
Flavor: r-oldrel-macos-arm64
Version: 1.1.0
Check: for code/documentation mismatches
Result: WARN
Warning: Torch failed to start, restart your R session to try again. /Volumes/Builds/packages/big-sur-arm64/Rlib/4.1/torch/lib/liblantern.dylib - dlopen(/Volumes/Builds/packages/big-sur-arm64/Rlib/4.1/torch/lib/liblantern.dylib, 10): no suitable image found. Did find:
/Volumes/Builds/packages/big-sur-arm64/Rlib/4.1/torch/lib/liblantern.dylib: mach-o, but wrong architecture
/Volumes/Builds/packages/big-sur-arm64/Rlib/4.1/torch/lib/liblantern.dylib: mach-o, but wrong architecture
Flavor: r-oldrel-macos-arm64