Last updated on 2022-06-30 03:53:35 CEST.
Flavor | Version | Tinstall | Tcheck | Ttotal | Status | Flags |
---|---|---|---|---|---|---|
r-devel-linux-x86_64-debian-clang | 0.48 | 13.83 | 144.20 | 158.03 | OK | |
r-devel-linux-x86_64-debian-gcc | 0.48 | 11.08 | 107.68 | 118.76 | OK | |
r-devel-linux-x86_64-fedora-clang | 0.48 | 199.25 | OK | |||
r-devel-linux-x86_64-fedora-gcc | 0.48 | 200.20 | OK | |||
r-devel-windows-x86_64 | 0.48 | 28.00 | 161.00 | 189.00 | OK | |
r-patched-linux-x86_64 | 0.48 | 17.82 | 136.33 | 154.15 | OK | |
r-release-linux-x86_64 | 0.48 | 13.38 | 135.41 | 148.79 | OK | |
r-release-macos-arm64 | 0.48 | 58.00 | NOTE | |||
r-release-macos-x86_64 | 0.48 | 72.00 | OK | |||
r-release-windows-x86_64 | 0.48 | 27.00 | 159.00 | 186.00 | OK | |
r-oldrel-macos-arm64 | 0.48 | 60.00 | OK | |||
r-oldrel-macos-x86_64 | 0.48 | 110.00 | OK | |||
r-oldrel-windows-ix86+x86_64 | 0.48 | 32.00 | 159.00 | 191.00 | OK |
Version: 0.48
Check: package dependencies
Result: NOTE
Packages suggested but not available for checking: 'graph', 'Rgraphviz'
Flavor: r-release-macos-arm64
Version: 0.48
Check: Rd cross-references
Result: NOTE
Packages unavailable to check Rd xrefs: ‘Rgraphviz’, ‘graph’
Flavor: r-release-macos-arm64