Last updated on 2022-06-26 03:50:13 CEST.
Flavor | Version | Tinstall | Tcheck | Ttotal | Status | Flags |
---|---|---|---|---|---|---|
r-devel-linux-x86_64-debian-clang | 0.3.3 | 105.09 | 136.56 | 241.65 | OK | |
r-devel-linux-x86_64-debian-gcc | 0.3.3 | 89.30 | 102.30 | 191.60 | OK | |
r-devel-linux-x86_64-fedora-clang | 0.3.3 | 360.19 | WARN | |||
r-devel-linux-x86_64-fedora-gcc | 0.3.3 | 320.97 | WARN | |||
r-devel-windows-x86_64 | 0.3.3 | 90.00 | 176.00 | 266.00 | OK | |
r-patched-linux-x86_64 | 0.3.3 | 96.92 | 129.29 | 226.21 | OK | |
r-release-linux-x86_64 | 0.3.3 | 101.74 | 130.00 | 231.74 | OK | |
r-release-macos-arm64 | 0.3.3 | 82.00 | NOTE | |||
r-release-macos-x86_64 | 0.3.3 | 106.00 | NOTE | |||
r-release-windows-x86_64 | 0.3.3 | 91.00 | 177.00 | 268.00 | OK | |
r-oldrel-macos-arm64 | 0.3.3 | 77.00 | NOTE | |||
r-oldrel-macos-x86_64 | 0.3.3 | 105.00 | NOTE | |||
r-oldrel-windows-ix86+x86_64 | 0.3.3 | 260.00 | 235.00 | 495.00 | OK |
Version: 0.3.3
Check: package dependencies
Result: WARN
Requires (indirectly) orphaned package: ‘gtools’
Flavors: r-devel-linux-x86_64-fedora-clang, r-devel-linux-x86_64-fedora-gcc
Version: 0.3.3
Check: installed package size
Result: NOTE
installed size is 5.5Mb
sub-directories of 1Mb or more:
libs 5.2Mb
Flavors: r-devel-linux-x86_64-fedora-clang, r-release-macos-arm64, r-release-macos-x86_64, r-oldrel-macos-arm64, r-oldrel-macos-x86_64