CRAN Package Check Results for Package sirt

Last updated on 2022-01-21 03:56:13 CET.

Flavor Version Tinstall Tcheck Ttotal Status Flags
r-devel-linux-x86_64-debian-clang 3.11-21 OK
r-devel-linux-x86_64-debian-gcc 3.11-21 234.33 259.37 493.70 OK
r-devel-linux-x86_64-fedora-clang 3.11-21 909.42 NOTE
r-devel-linux-x86_64-fedora-gcc 3.11-21 839.19 OK
r-devel-windows-x86_64-new-UL 3.11-21 563.00 415.00 978.00 NOTE
r-devel-windows-x86_64-new-TK 3.11-21 OK
r-patched-linux-x86_64 3.11-21 272.44 341.90 614.34 OK
r-release-linux-x86_64 3.11-21 263.78 341.49 605.27 OK
r-release-macos-arm64 3.11-21 NOTE
r-release-macos-x86_64 3.11-21 NOTE
r-release-windows-ix86+x86_64 3.11-21 730.00 491.00 1221.00 NOTE
r-oldrel-macos-x86_64 3.11-21 NOTE
r-oldrel-windows-ix86+x86_64 3.11-21 729.00 484.00 1213.00 NOTE

Check Details

Version: 3.11-21
Check: installed package size
Result: NOTE
     installed size is 11.2Mb
     sub-directories of 1Mb or more:
     R 2.0Mb
     libs 7.1Mb
Flavors: r-devel-linux-x86_64-fedora-clang, r-devel-windows-x86_64-new-UL, r-release-macos-arm64, r-release-macos-x86_64, r-release-windows-ix86+x86_64, r-oldrel-macos-x86_64, r-oldrel-windows-ix86+x86_64